remainder when 1698691 is divided by 19525?
16
Calculate the remainder when 3299160 is divided by 128.
88
What is the remainder when 83155 is divided by 3188?
267
Calculate the remainder when 8961454 is divided by 283.
259
What is the remainder when 384181 is divided by 1112?
541
Calculate the remainder when 184114 is divided by 61343.
85
What is the remainder when 102966986 is divided by 10296697?
16
What is the remainder when 713043 is divided by 1337?
422
Calculate the remainder when 404609 is divided by 5780.
9
Calculate the remainder when 59521287 is divided by 1293941.
1
Calculate the remainder when 69156 is divided by 22919.
399
What is the remainder when 394263 is divided by 96?
87
Calculate the remainder when 11698899 is divided by 94.
35
Calculate the remainder when 25027 is divided by 6242.
59
What is the remainder when 2761344 is divided by 3979?
3897
Calculate the remainder when 80126196 is divided by 700.
696
What is the remainder when 315818 is divided by 728?
594
What is the remainder when 81511 is divided by 30?
1
What is the remainder when 106417 is divided by 3354?
2443
Calculate the remainder when 154370866 is divided by 209743.
18
What is the remainder when 10465957 is divided by 380?
377
Calculate the remainder when 267744719 is divided by 133872353.
13
Calculate the remainder when 218065 is divided by 11474.
59
What is the remainder when 962159 is divided by 11430?
2039
What is the remainder when 104072247 is divided by 34690737?
36
What is the remainder when 886061566 is divided by 32?
30
Calculate the remainder when 110977 is divided by 2844.
61
Calculate the remainder when 46296670 is divided by 1142.
1132
Calculate the remainder when 28141 is divided by 8072.
3925
What is the remainder when 24511335 is divided by 110?
35
What is the remainder when 26514 is divided by 622?
390
What is the remainder when 27356723 is divided by 39193?
9
What is the remainder when 47609 is divided by 3826?
1697
What is the remainder when 99535 is divided by 4298?
681
What is the remainder when 19643 is divided by 1220?
123
Calculate the remainder when 8823693 is divided by 19.
17
Calculate the remainder when 2641419 is divided by 2315.
4
What is the remainder when 1845068 is divided by 3632?
12
Calculate the remainder when 11081473 is divided by 46.
27
What is the remainder when 229062145 is divided by 59?
14
What is the remainder when 181611 is divided by 165?
111
Calculate the remainder when 3536161 is divided by 99.
79
What is the remainder when 238434 is divided by 2953?
2194
What is the remainder when 857876209 is divided by 498?
493
Calculate the remainder when 16511673 is divided by 393135.
3
What is the remainder when 12387 is divided by 12096?
291
Calculate the remainder when 2347561 is divided by 7751.
6759
What is the remainder when 17528555 is divided by 20?
15
What is the remainder when 2743281 is divided by 913727?
2100
Calculate the remainder when 65540 is divided by 65338.
202
What is the remainder when 1053986 is divided by 1375?
736
What is the remainder when 38944 is divided by 397?
38
Calculate the remainder when 85687 is divided by 21337.
339
What is the remainder when 22615125 is divided by 4523024?
5
Calculate the remainder when 5130 is divided by 340.
30
What is the remainder when 3130676 is divided by 42?
38
What is the remainder when 28991113 is divided by 602?
599
What is the remainder when 5312893 is divided by 5312892?
1
What is the remainder when 107776 is divided by 35915?
31
Calculate the remainder when 820118 is divided by 820085.
33
What is the remainder when 4349340 is divided by 134?
102
Calculate the remainder when 17937480 is divided by 630.
120
What is the remainder when 57071 is divided by 8006?
1029
Calculate the remainder when 37745845 is divided by 32.
21
What is the remainder when 1120938 is divided by 88?
82
Calculate the remainder when 130147 is divided by 4640.
227
What is the remainder when 1402399 is divided by 231?
229
Calculate the remainder when 1099611 is divided by 1099080.
531
What is the remainder when 2966158 is divided by 2905?
153
Calculate the remainder when 665411 is divided by 36959.
149
Calculate the remainder when 53216 is divided by 1829.
175
Calculate the remainder when 10607087 is divided by 26.
23
What is the remainder when 1020754 is divided by 1372?
1358
What is the remainder when 561738 is divided by 1657?
15
Calculate the remainder when 1655725 is divided by 3346.
2801
What is the remainder when 2863649 is divided by 954540?
29
Calculate the remainder when 347042 is divided by 86753.
30
Calculate the remainder when 1299209 is divided by 756.
401
Calculate the remainder when 4504 is divided by 647.
622
Calculate the remainder when 25980 is divided by 4791.
2025
Calculate the remainder when 25107957 is divided by 27.
9
What is the remainder when 104137 is divided by 1500?
637
Calculate the remainder when 10803 is divided by 10566.
237
Calculate the remainder when 96198 is divided by 391.
12
What is the remainder when 2198136 is divided by 1389?
738
Calculate the remainder when 554536 is divided by 554434.
102
What is the remainder when 1033550 is divided by 22967?
35
What is the remainder when 37772164 is divided by 67692?
28
Calculate the remainder when 1118436 is divided by 19.
1
What is the remainder when 240250 is divided by 6006?
10
Calculate the remainder when 3946123 is divided by 293.
292
Calculate the remainder when 1045868 is divided by 149343.
467
Calculate the remainder when 2589622 is divided by 8221.
7
What is the remainder when 2496842 is divided by 1614?
1598
What is the remainder when 6135108 is divided by 233?
218
What is the remainder when 19484 is divided by 1944?
44
Calculate the remainder when 7955332 is divided by 1.
0
Calculate the remainder when 192695 is divided by 68.
51
Calculate the remainder when 39301577 is divided by 27.
26
What is the remainder when 10530349 is divided by 7?
4
What is the remainder when 7714 is divided by 593?
5
What is the remainder when 5668291 is divided by 69977?
154
What is the remainder when 12535429 is divided by 12?
1
Calculate the remainder when 14775453 is divided by 274.
3
What is the remainder when 1089646 is divided by 544823?
0
What is the remainder when 263471 is divided by 120?
71
Calculate the remainder when 124350517 is divided by 280.
277
Calculate the remainder when 1554500 is divided by 61.
37
What is the remainder when 17113178 is divided by 487?
485
Calculate the remainder when 8496357 is divided by 11.
1
What is the remainder when 117387 is divided by 83?
25
What is the remainder when 2734767 is divided by 73?
41
Calculate the remainder when 22529172 is divided by 1238.
48
Calculate the remainder when 27707093 is divided by 32.
21
Calculate the remainder when 2441040 is divided by 14617.
1
What is the remainder when 56528 is divided by 1381?
1288
What is the remainder when 103103 is divided by 4023?
2528
Calculate the remainder when 3712643 is divided by 3712568.
75
What is the remainder when 270079 is divided by 230?
59
Calculate the remainder when 89805203 is divided by 9.
8
What is the remainder when 14985769 is divided by 10?
9
Calculate the remainder when 80077152 is divided by 15.
12
What is the remainder when 5696481 is divided by 662?
633
What is the remainder when 384559161 is divided by 1026?
1023
Calculate the remainder when 60424989 is divided by 5097.
54
What is the remainder when 4641736 is divided by 278?
248
Calculate the remainder when 166390219 is divided by 86.
85
Calculate the remainder when 4771946 is divided by 40.
26
What is the remainder when 22659724 is divided by 629435?
64
What is the remainder when 332828 is divided by 202?
134
Calculate the remainder when 119488 is divided by 156.
148
What is the remainder when 11907066 is divided by 2976750?
66
Calculate the remainder when 120366902 is divided by 9258992.
6
Calculate the remainder when 624987 is divided by 197.
103
Calculate the remainder when 683653 is divided by 225.
103
Calculate the remainder when 33447818 is divided by 141130.
8
What is the remainder when 662675 is divided by 94632?
251
What is the remainder when 2977627 is divided by 330834?
121
Calculate the remainder when 3152916 is divided by 542.
102
W